(h) = -3*h**2 + 15*h + 6. Let w(f) = 3*g(f) - 2*l(f). What are the prime factors of w(17)?
2, 3
Let c = 4 - -8. Suppose 0 = f - 16 - c. Let g = 39 - f. What are the prime factors of g?
11
Let l(z) = z**3 - 11*z**2 - z + 13. Let u be l(11). Let g be 1 + -1 + (40 - u). Suppose 8 = 4*j, 4*f + j = -0*j + g. What are the prime factors of f?
3
Let k = 6 + -5. List the prime factors of -1 + -3 - (-30)/k.
2, 13
Suppose 7*z - 8*z = -5. Suppose 0 = s + s + 2*f + 14, 5*f - 85 = z*s. Let l = 22 + s. List the prime factors of l.
2, 5
Let t(a) = -429*a**2 - 6. Let o(g) = -429*g**2 - 5. Let c(y) = 7*o(y) - 6*t(y). Let s be c(1). What are the prime factors of (-12)/(-54) + s/(-18)?
2, 3
Let d(h) = -h**3 + 7*h**2 - h + 3. Let i be d(5). Suppose i = 2*b - 5*b. What are the prime factors of (-12)/b - (-10)/8?
2
Let u(l) = -l**3 - 2*l**2 + 2*l - 1. Let y be u(-3). Let j be (-2)/(y/13) + 1. Let p = 17 + j. What are the prime factors of p?
5
Let m be (-2)/(-11) - (-218)/11. Let y = m - 7. List the prime factors of y.
13
Let j = -7 + 12. Suppose 12 = 5*y - 4*w, -j*w = -2*y - 3*w + 6. Suppose -2*p + y = -6. What are the prime factors of p?
3
Let h(j) = 2*j**3 - j**2 + 2*j - 4. Let s(b) = -b**3 + b**2 - b - 1. Let z(m) = -h(m) - s(m). What are the prime factors of z(0)?
5
What are the prime factors of ((-103)/(-3))/(33/(-9) + 4)?
103
Let i(a) = -2*a**2 - 2*a**3 + a**3 + 4 - 2. Let k(h) = h - 8. Let t be k(6). List the prime factors of i(t).
2
Suppose 0 = -5*x - 15, -3*j + 53 = j + x. List the prime factors of j.
2, 7
Let o = -2 + 80. Let b be o/(-12) + (-1)/(-2). What are the prime factors of (b/(-8))/((-2)/(-24))?
3
List the prime factors of 3 + 1/1 - -24.
2, 7
Let t(f) = f**2 + 7*f + 7. Let v be t(-6). Let q(o) = 19*o**3 - o**2. Let s be q(v). Let n = -6 + s. What are the prime factors of n?
2, 3
Let s(x) = -2*x - 6. Suppose 0 = -v - 0*v + 2. Let y be v - 1/((-3)/(-18)). List the prime factors of s(y).
2
Suppose 4*r = -4*a + 4, 0 = -5*a + 3*r - 4*r + 25. What are the prime factors of 2*(-3)/a + 8?
7
Let r(b) = 16*b**3 + b**2 - 1. Let i(u) = 8*u**2 + 1. Let p be i(-1). Let d = p - 8. List the prime factors of r(d).
2
Let m = -11 - 105. Let y = -71 - m. Suppose 11 + y = 4*k. What are the prime factors of k?
2, 7
Let z(v) = 2*v**3 - 6*v**2 + v + 4. Let t be z(4). Suppose 3*j - 5*l = 3 + 29, 3*j - l - t = 0. What are the prime factors of j?
2, 7
Let p = 346 - 164. What are the prime factors of p?
2, 7, 13
Let g(w) be the second derivative of 4*w**3/3 + w**2/2 + 2*w. What are the prime factors of g(1)?
3
Suppose 3*q + 12 = 87. Suppose 0 = -t - 3*a - 3, q = 5*t + 4*a + a. What are the prime factors of t?
3
Suppose 2*m = j + 4*j + 411, -3*m = 5*j - 604. List the prime factors of m.
7, 29
What are the prime factors of 488/12 + 3/9?
41
List the prime factors of (-2 - 232/(-12))/((-4)/(-30)).
2, 5, 13
Let j(k) = -k**3 + 3*k**2 + 8*k - 3. Let s be j(6). What are the prime factors of s/(-4) + (-2)/(-8)?
2
Suppose 21 = 5*h - 9. Let p = h + -2. List the prime factors of p.
2
Let r = -4 - -20. Suppose -5*w + 64 = -r. List the prime factors of w.
2
Suppose s + 5*a - 255 = 0, -5*s + a + 3*a + 1159 = 0. What are the prime factors of s?
5, 47
Suppose -3*z + 102 = -198. Suppose -f - 4*f = -z. List the prime factors of f.
2, 5
What are the prime factors of (16*1)/((-4)/(-6))?
2, 3
Suppose 4*x - 2*x + 6 = -2*b, -5*b = 15. Suppose 2*z + x*z = 12. Suppose -s - 60 = -z*s. What are the prime factors of s?
2, 3
Let u(z) = z + 2. Let f be u(-2). Let a = 2 + 15. Let b = a + f. What are the prime factors of b?
17
What are the prime factors of ((-142)/3)/(10/(-30))?
2, 71
Suppose 1 = 3*k + 13, -k + 52 = 2*f. List the prime factors of f.
2, 7
What are the prime factors of 180/(5 + -1 + -3)?
2, 3, 5
Let i(h) = h**3 + 4*h**2 - 4*h + 4. Let c be i(-5). Let k be 2 + c*(-2)/1. Suppose 2*u + 3*l = 24, k*u - l = 3*l + 8. List the prime factors of u.
2, 3
Let z(s) be the third derivative of -2*s**3 + 7/60*s**5 + s**2 - 1/120*s**6 + 0 + 5/12*s**4 + 0*s. What are the prime factors of z(8)?
2
Let d = 17 - 6. Let f = d + 9. What are the prime factors of f?
2, 5
Suppose -7*w - 4 = -2*p - 5*w, 0 = -4*p + 5*w + 13. Let b(m) = m**3 + 2*m**2 - 5*m - 4. List the prime factors of b(p).
2
Suppose 54 = 5*t - 281. What are the prime factors of t?
67
Let i(q) = 1. Let a(x) = 18*x**2 + x + 4. Let b(n) = a(n) - 5*i(n). List the prime factors of b(1).
2, 3
Let t = -5 - -78. What are the prime factors of t?
73
Suppose 0*j + 4*w + 20 = 4*j, 16 = 2*j + 4*w. Let d = 0 - j. List the prime factors of (-2)/3 + (-16)/d.
2
Let g be (6 - 2)/(2/(-9)). Let h = 28 + g. Let r = h - 4. List the prime factors of r.
2, 3
Let j be -1 + 3 - (-2)/2. Suppose -j*z - 2 = -29. List the prime factors of z.
3
List the prime factors of 27 - (-2 + (-1 - 1)).
31
Let z = 25 + -13. Suppose -5*u + 37 = z. What are the prime factors of u?
5
Suppose -3*s - 3 = -3*w, -2*w + 2*s + 7 = -s. Let j be 1/(-8)*2*w. List the prime factors of (-1)/((-10)/(-11) - j).
11
Let o = -64 - -98. List the prime factors of o.
2, 17
List the prime factors of -1 - 0 - (-4 - (119 + -4)).
2, 59
Suppose 0 = f - 3*f + 28. List the prime factors of f.
2, 7
Let z(o) = 3*o**2 - 4*o - 3. Let m(p) = -3*p**2 + p. Let i be m(1). What are the prime factors of z(i)?
17
Suppose -4*b = -0*b - 48. List the prime factors of b.
2, 3
Suppose 2*r - 2*g + 592 = 7*r, 0 = -3*r - 5*g + 340. What are the prime factors of r?
2, 3, 5
Let k(n) = -n**3 - 6*n**2 - 4*n - 10. What are the prime factors of k(-6)?
2, 7
Suppose 1435 - 445 = 10*h. List the prime factors of h.
3, 11
Suppose 4 = c - 30. What are the prime factors of c?
2, 17
Let f(m) = -m**3 + 7*m**2 - 7*m + 3. Suppose 6*d = 3*r + 2*d + 5, -3*r - 2*d + 25 = 0. What are the prime factors of f(r)?
2, 3
Let w be (2/2 - (-1)/(-1))/(-2). Suppose -5*i - 2*m - 6 = -20, 4*i = -5*m + 18. Suppose i*f - 24 + 6 = w. List the prime factors of f.
3
Let r = 19 - 10. What are the prime factors of r?
3
Suppose 11*n = -2*n + 2574. List the prime factors of n.
2, 3, 11
Let w = 31 - -176. What are the prime factors of w?
3, 23
Let m(b) = -b**2 - 8*b - 9. Let u be m(-6). Suppose 84 = 3*y + 3*p, 3*p + 41 = -u*y + 5*y. What are the prime factors of y?
5
Suppose 0 = 4*h - 9*h + 125. What are the prime factors of h?
5
Let d = 17 + -41. Let r be (-4)/(-6)*(1 + -4). What are the prime factors of (d/r)/(1 + 1)?
2, 3
Let t be (2 + -1)/(-1) + 2. Suppose 2*j + t = 3. What are the prime factors of (-2)/(27/33 - j)?
11
Suppose 5*v - 10 = 5*c - 30, -2*c = -3*v - 10. Suppose c*h = m + 7, 8*m + 7 = 3*h + 3*m. List the prime factors of h.
2
Let j(g) = g**3 + 8*g**2 + 3*g - 8. Let t be j(-7). List the prime factors of (-4)/t + (-16)/(-5).
3
Let s = 7 - 5. Let u(g) = g**2 - 3*g + 3. Let a be u(s). Let c = a - -6. List the prime factors of c.
7
Suppose z - 55 = 7*m - 3*m, m - 113 = -3*z. What are the prime factors of z?
3, 13
Let a(v) = 2*v - 8. Let w be a(12). Let h = w - 2. List the prime factors of h.
2, 7
List the prime factors of (3836/35)/(2/5).
2, 137
Let r be (5/(-2) - -3)*46. Let u be r + (2 - (-2 + 5)). Suppose -4*d + 3*i + u + 4 = 0, 9 = d - 2*i. List the prime factors of d.
5
Let b = -142 - -218. List the prime factors of b.
2, 19
Let s(l) = l**3 + 3*l**2 + 5*l + 2. Suppose c + 1 = -2. Let w be s(c). Let u = w - -24. List the prime factors of u.
11
Let k(q) = -q**3 + 7*q**2 - 7*q - 8. Let m be k(6). Let z = m - -25. List the prime factors of z.
11
Let y(s) = s**2 - s + 11. Let w be y(0). Suppose 0 = -5*p - 2*r + 31, 3*p + r - w = -4*r. Suppose 0 = -5*t + p + 3. What are the prime factors of t?
2
Suppose -u + 0 = -3. Suppose 2 = -u*x + 4*x. Suppose x*l - 24 = -l. List the prime factors of l.
2
Let g be -1*6/(-2)*-3. What are the prime factors of (2 - g/(-6))*32?
2
Let i = -47 - -86. What are the prime factors of i?
3, 13
What are the prime factors of 168/40 - (-2)/(-10)?
2
Suppose 0 = 5*c - 126 + 41. Suppose -2*w - c = -5. List the prime factors of (1 - w) + (-1 - 1).
5
Let w = 1 - -1. Suppose w = l - 4. List the prime factors of l.
2, 3
Suppose -3*a + 3*z = -42, a - 6*a + 2*z + 61 = 0. List the prime factors of a.
11
Let n = -145 + 254. List the prime factors of n.
109
Let n(c) = -c**3 - 8*c**2 + 3. Let l be n(-8). Suppose l*w + 5*t - 45 = 0, -3*w + 3*t = -2*t - 15. List